c(r) = -1 + r**2 - f*r + 3*r - 2. Determine c(g).
5
Let i = -39 - -44. Let o(d) = -d**2 - 3*d. Let b(a) = 1 + 0*a**2 - 3*a - 5*a**2 + 3*a**2. Let h(t) = 2*b(t) - 3*o(t). Give h(i).
-8
Let s(p) be the third derivative of 0 + 2*p**2 + 0*p + 1/3*p**3 + 1/6*p**4 - 1/60*p**5. Suppose -4*k = v - 23, -3*k = -2*v - 4 - 5. Give s(v).
5
Suppose -12*x = -16*x - 28. Let j(z) = -z**3 - 6*z**2 + 7*z - 10. What is j(x)?
-10
Let l(h) = h**3 + 6*h**2 + 2*h + 8. Let m(y) = y**3 - 4*y**2 - 7*y - 6. Let n be m(6). Suppose -v = -4*t - 24, 2*t - 6*t - n = -4*v. What is l(t)?
-4
Suppose 2*c + 3*c - 30 = 0. Let j(f) = -3*f + 3 - 2 - 2 + c. Calculate j(4).
-7
Suppose 3*t - 7*t = -32. Suppose -t*r = -4*r - 4. Let y(v) = -v + 1. What is y(r)?
0
Let p(d) = -5*d**2 - 15*d - 13. Let a(z) = -2*z**2 - 8*z - 6. Let l(c) = 7*a(c) - 3*p(c). Give l(11).
-3
Let s(r) = -5*r + 1. Let z(i) = 3*i - 9. Let j be z(6). Suppose -4*l + j = -4*k - 7, -2*l - 3*k + 3 = 0. Suppose 3*t + l = -0*t. What is s(t)?
6
Let n be (1/18)/((-10)/(-3)). Let b(h) be the third derivative of 0*h - 3*h**2 + 2/3*h**3 - 5/24*h**4 + 0 + n*h**5. Determine b(5).
4
Let j(x) = -3*x**2 - 4*x**2 - 6 - x**3 + 4*x**2 - 4*x**2 - 8*x. Calculate j(-6).
6
Let b(x) = 4*x + x**3 - 2 + 0 + 2*x**2 - 1 - 8*x. Let h = -5 + 2. Give b(h).
0
Suppose -5*b = -16 + 46. Let t(x) be the third derivative of -x**4/12 - 110*x**2. Give t(b).
12
Let w(v) = v**2 + 2*v + 2. Let l be w(-2). Let t(p) = -4*p**2 + 2*p - 2. Determine t(l).
-14
Suppose o = -5, 7*r - 4*r + 3*o = 6. Let c(p) = -p**2 + 7*p + 9. Give c(r).
9
Let p(u) = u**2 - u - 2. Suppose 38*q - 16 = 30*q. Determine p(q).
0
Let h(y) = 0 + 8*y + 0*y**2 - y**2 + 3 + 2*y**2. Calculate h(-8).
3
Let h(z) = -z**3 + z**2 + 3*z - 3. Let i(u) = -u**2 - 5*u - 4. Let r be i(-3). Determine h(r).
-1
Let j(v) = 2*v**3 + v**2 - 2*v - 3. Let n be -4 + 0 + 2 + 0. What is j(n)?
-11
Let a be (5 - (-28)/(-7))*0/(-1). Let y(q) = -q - 3. Let s(j) = j + 3. Let m(o) = -7*s(o) - 6*y(o). Determine m(a).
-3
Let z(w) = 4*w - 6. Let h be z(3). Let b(y) = y**2 - 8*y. What is b(h)?
-12
Let j(k) = 2*k**2 + 5*k + 4. Let x be (-4)/2 - -4 - 5. What is j(x)?
7
Let y be (-5)/(-2) + 1/2. Let m(h) = h**2 + 2*h**3 - 2*h + 0*h + 3*h**2 + 4 - y*h**3. Determine m(3).
7
Let r(q) = q + 4. Let g be -6 + 2 + 2 + -4. What is r(g)?
-2
Let v(f) be the third derivative of f**4/24 - 7*f**3/6 - 9*f**2. Determine v(7).
0
Let b = 1 - 4. Let q(i) = 4*i + 3. Give q(b).
-9
Let x(j) = 5*j + 23. Let k be x(-6). Let i(l) = l**2 + 8*l + 6. What is i(k)?
-1
Let t(h) = 7*h**3 - 19*h**2 - 2*h + 21. Let b(v) = 11*v**3 - 29*v**2 - 3*v + 32. Let f(u) = -5*b(u) + 8*t(u). Determine f(7).
1
Suppose -6 + 10 = 2*i. Let t(r) be the second derivative of 0 - 1/20*r**5 - 1/3*r**4 - 5/6*r**3 + r - 2*r**i. What is t(-3)?
2
Let s(t) = t + 6. Let b be s(-7). Let q(m) = 8*m - m + 1 + 3*m. Give q(b).
-9
Let o(x) = -4*x**3 - 1. Let s be o(-1). Suppose 3*h = m - 13, 3*m - s*h = -2*h + 15. Let w(r) = r**3 - 3*r**2 - 2*r - 1. Calculate w(m).
7
Let f(s) = -5*s**2 + s. Let d be -5*1*(-3)/5. Suppose 0 = 2*g - d*g + 1. Calculate f(g).
-4
Let a(i) be the first derivative of i**4/4 + i**3/3 + 2*i**2 + 3*i + 4. Give a(-2).
-9
Suppose 0 = 2*f + f - 15, -4 = 4*v - 4*f. Let k(u) = -2*u + 2*u**2 - 3*u - u + u + v. What is k(3)?
7
Let g(h) = 0 - h + 0*h**2 + h**2 - 6 - 2*h**2. Suppose -c = -2*c. Let y be 1/(-2)*c/(-3). Determine g(y).
-6
Let i(r) be the first derivative of -5*r**4/2 + r**3/3 - r**2/2 - 7. Give i(1).
-10
Suppose -23 = h - 4*q, 4*h - 3*q + 3 = 8*h. Let n(w) = -w**2 - 4*w + 1. Determine n(h).
4
Let p(u) = -u**2 + u - 1. Let t be (-4)/(-6)*3 - 6. Let c(x) = 3*x - 5 - x + 0. Let b(k) = t*p(k) + c(k). Calculate b(-1).
5
Let u be (-27)/6 + (-2)/4. Let o(r) = -7*r - 10. Let s(k) = -k - 2. Let l be s(-1). Let v(t) = -t - 1. Let z(y) = l*o(y) + 4*v(y). Give z(u).
-9
Let v(j) = -j + 3. Let k(w) = 2*w - 7. Let z(f) = 3*k(f) + 7*v(f). Determine z(5).
-5
Let r(a) = -3*a**2 - 5*a + 1. Let b(u) = -7*u**2 - 9*u + 3. Let t(v) = 2*b(v) - 5*r(v). Let o(i) = i. Let w be o(-5). What is t(w)?
-9
Let c(z) be the second derivative of -z**6/720 - z**5/120 + z**4/6 - 2*z. Let s(j) be the third derivative of c(j). Suppose -6*f - 20 = -f. Determine s(f).
3
Let n(p) = -10*p**3 + 8*p**2 - 13*p + 22. Let l(y) = -7*y**3 + 5*y**2 - 9*y + 15. Suppose 2*b + 35 = -3*b. Let i(r) = b*l(r) + 5*n(r). Give i(5).
-5
Let j(q) = -q**3 - 2*q**2 + 4*q + 3. Let y be j(-3). Let t be 2*-2 - (y - 1). Let m(a) = 3*a + 289 + 2*a**2 - 583 + 293. Calculate m(t).
8
Let u = 194 + -198. Let c(f) = -4*f - 4. Give c(u).
12
Let q(z) = -3 + 8 - 10 - z**3 + 2*z + 5*z**2. What is q(5)?
5
Let b(i) be the second derivative of i**5/20 - i**4/12 - i**3/6 + i**2 - 2*i. Let s = 4 + -3. Let o(r) = -r**3 + r**2 - r + 1. Let f be o(s). Give b(f).
2
Let h(y) = y**3 - 7*y**2 + y - 3. Let n = 1 + 6. What is h(n)?
4
Let g = -9 + 5. Let q(p) be the third derivative of -p**6/120 - p**5/12 - 5*p**4/24 - p**3/3 + p**2. What is q(g)?
2
Let l = 5 + -8. Let j(f) = -f**3 + 10*f**2 - 10*f + 11. Let w be j(9). Let q(i) = w + 1 + 4*i + 1 + 5*i**2 - i**3 + 2*i**3. Determine q(l).
10
Suppose 9 - 15 = -d. Let z(y) = -y**2 + 4*y - 7. What is z(d)?
-19
Let q be (-8)/(-3 - (1 + -2)). Let b(n) = -n**3 + 5*n**2 - 3*n - 4. Determine b(q).
0
Suppose 10 = -y + 6*y. Let o(c) = y + 4*c**2 - 2. Calculate o(1).
4
Let a(o) = 4*o + 3. Let p(c) = -c + 1. Let d be p(1). Let x = 0 - d. Let l = -2 + x. Calculate a(l).
-5
Let h(v) be the first derivative of -v**3/3 + 3*v**2/2 + 3*v + 1. Let p be h(-2). Let q(j) = j**2 + 8*j + 8. Determine q(p).
1
Let s(g) = 3 + 3 - 1 - 3*g - 6. Give s(-3).
8
Let y(n) = n**3 + 6*n**2 + 4. Let f(c) = -2*c**3 + 11*c**2 + 6*c - 6. Let z be f(6). Calculate y(z).
4
Let j(q) = q**2 + 5*q + 6. Let x(b) = -2 - 4*b**2 - 4*b + 5*b**2 - 3. Let c = 0 - -4. Let t be x(c). What is j(t)?
6
Let t(p) = 5 + 4 + 13 - 21 - p. Determine t(-3).
4
Let w(y) = -y**3 - 3*y**2 + 5*y + 1. Let q(j) = j**2 - j + 1. Let i(f) = f**3 - f**2 + 11*f - 6. Let t(a) = i(a) + 6*q(a). Let p be t(-4). Determine w(p).
-3
Let k(i) = -i - 2. Let f(z) = z**3 + 3*z**2 - 3*z - 2. Let p be f(-4). What is k(p)?
4
Let q(s) be the third derivative of s**6/120 + s**5/12 + 5*s**4/24 + 5*s**3/6 + 8*s**2. Determine q(-4).
1
Suppose -2 - 8 = -5*g. Let o(m) = -11*m**g - 4 - 3 + 10*m**2. Let f be 1 - 1 - (0 - 0). What is o(f)?
-7
Let u(s) be the third derivative of -s**3/6 + s**2. Let i(l) be the second derivative of -l**3/6 + 2*l**2 + 3*l. Let v(c) = i(c) + 4*u(c). Calculate v(-2).
2
Let j(v) = 2*v - 9. Let m be j(7). Let z(i) = -i**2 + 5*i + 1. Determine z(m).
1
Let p = 34 + -24. Let f be (6/(-5))/((-4)/p). Let h(d) = -2 + f*d**2 + 5 - 2*d**2 - 6*d. What is h(3)?
-6
Suppose 8 = -5*c - 27. Let t(x) = -3*x + 14. Let v(l) = -4*l + 15. Let y(p) = -5*t(p) + 4*v(p). Determine y(c).
-3
Let s(f) be the second derivative of -f**5/20 + 5*f**4/6 - 5*f**3/3 + 5*f**2 - 32*f. Determine s(9).
1
Let b = -3 - -5. Let k(r) = -3*r + 3*r - 5 + r**3 + b + 3*r**2. What is k(-3)?
-3
Let t(d) = 31*d + 32. Let h(p) = -11*p - 11. Let k(g) = 17*h(g) + 6*t(g). What is k(6)?
-1
Let b(q) = -q**2 - 9*q - 3. Let k(o) = o**2 + 8*o + 4. Let g(r) = -r**3 - r**2 + 3. Let l be g(0). Let s(v) = l*b(v) + 4*k(v). Calculate s(-5).
7
Suppose 0 = -6*n + 36 + 6. Let x(g) = -g**3 + 7*g**2 + 4. Determine x(n).
4
Let y(t) = -6*t + 3*t + 1 + 2*t + 4*t**2 + 11*t**2. Give y(1).
15
Let x(r) = 1. Let c(t) = 3*t - 7. Suppose -5*j = -4*j + 4. Let o(g) = j*x(g) - c(g). What is o(2)?
-3
Let z = 7 - 11. Let p(y) = -2*y - 1. Determine p(z).
7
Suppose 5*z + 30 = -4*i - i, -22 = 4*z + 2*i. Let j(s) = -s**3 - 6*s**2 - 6*s - 7. Give j(z).
-2
Let t = 30 - 9. Let g be (12/(-7))/((-6)/t). Let a(v) = -v**2 + 7*v - 2. What is a(g)?
4
Let b(t) = -5*t - 1. Let j(d) = -d**2 + 6*d - 9. Let o be j(4). Determine b(o).
4
Let p(x) be the second derivative of x**4/12 - x**3 + x**2/2 - 6*x. What is p(6)?
1
Let r(q) be the first derivative of q + 3/2*q**2 + 1/6*q**3 + 1. Let t(i) be the first derivative of r(i). Determine t(0).
3
Suppose 0*y = -2*y + 40. Suppose 0*d = 4*d - y. Let c(u) = 0*u**2 - u**2 + d*u - 4*u. Calculate c(1).
0
Let f = -6 - -6. Suppose 0 = -2*u - h + 13 - 3, f = -2*h + 8. Let i(a) = -5*a**2 + 3*a**u - 3*a**3 + 2*a**2 - a**3 + a. Calculate i(-3).
